when 409 is divided by 25?
9
Calculate the remainder when 163 is divided by 14.
9
Calculate the remainder when 237 is divided by 17.
16
What is the remainder when 60 is divided by 19?
3
What is the remainder when 126 is divided by 37?
15
What is the remainder when 673 is divided by 8?
1
What is the remainder when 521 is divided by 35?
31
Calculate the remainder when 78 is divided by 41.
37
What is the remainder when 168 is divided by 35?
28
Calculate the remainder when 362 is divided by 4.
2
What is the remainder when 247 is divided by 28?
23
What is the remainder when 918 is divided by 131?
1
What is the remainder when 2685 is divided by 64?
61
What is the remainder when 664 is divided by 29?
26
Calculate the remainder when 256 is divided by 99.
58
Calculate the remainder when 4493 is divided by 50.
43
Calculate the remainder when 178 is divided by 96.
82
What is the remainder when 207 is divided by 73?
61
What is the remainder when 23 is divided by 8?
7
Calculate the remainder when 289 is divided by 196.
93
Calculate the remainder when 47 is divided by 42.
5
Calculate the remainder when 1277 is divided by 67.
4
Calculate the remainder when 4754 is divided by 20.
14
Calculate the remainder when 119 is divided by 5.
4
What is the remainder when 220 is divided by 61?
37
What is the remainder when 622 is divided by 7?
6
What is the remainder when 104 is divided by 20?
4
Calculate the remainder when 677 is divided by 31.
26
Calculate the remainder when 1094 is divided by 73.
72
Calculate the remainder when 396 is divided by 57.
54
Calculate the remainder when 123 is divided by 16.
11
What is the remainder when 119 is divided by 41?
37
What is the remainder when 229 is divided by 118?
111
What is the remainder when 71 is divided by 7?
1
What is the remainder when 72 is divided by 41?
31
Calculate the remainder when 214 is divided by 27.
25
Calculate the remainder when 343 is divided by 123.
97
Calculate the remainder when 351 is divided by 16.
15
Calculate the remainder when 19758 is divided by 10.
8
What is the remainder when 125 is divided by 70?
55
Calculate the remainder when 8433 is divided by 114.
111
Calculate the remainder when 55 is divided by 15.
10
Calculate the remainder when 47 is divided by 47.
0
What is the remainder when 492 is divided by 20?
12
Calculate the remainder when 36 is divided by 25.
11
What is the remainder when 426 is divided by 111?
93
What is the remainder when 247 is divided by 25?
22
Calculate the remainder when 70 is divided by 70.
0
Calculate the remainder when 251 is divided by 2.
1
Calculate the remainder when 2834 is divided by 9.
8
Calculate the remainder when 470 is divided by 25.
20
What is the remainder when 848 is divided by 181?
124
Calculate the remainder when 163 is divided by 57.
49
Calculate the remainder when 1900 is divided by 11.
8
What is the remainder when 1649 is divided by 11?
10
What is the remainder when 109 is divided by 13?
5
What is the remainder when 228 is divided by 159?
69
What is the remainder when 270 is divided by 39?
36
What is the remainder when 129 is divided by 36?
21
Calculate the remainder when 65 is divided by 54.
11
What is the remainder when 257 is divided by 101?
55
What is the remainder when 655 is divided by 61?
45
Calculate the remainder when 1090 is divided by 57.
7
Calculate the remainder when 4026 is divided by 82.
8
What is the remainder when 1828 is divided by 61?
59
What is the remainder when 1145 is divided by 21?
11
What is the remainder when 1761 is divided by 572?
45
What is the remainder when 887 is divided by 33?
29
What is the remainder when 6238 is divided by 78?
76
Calculate the remainder when 139 is divided by 19.
6
What is the remainder when 598 is divided by 10?
8
Calculate the remainder when 8019 is divided by 2670.
9
Calculate the remainder when 402 is divided by 97.
14
Calculate the remainder when 827 is divided by 2.
1
What is the remainder when 1015 is divided by 127?
126
Calculate the remainder when 3093 is divided by 7.
6
Calculate the remainder when 361 is divided by 81.
37
What is the remainder when 97 is divided by 5?
2
Calculate the remainder when 792 is divided by 100.
92
What is the remainder when 571 is divided by 13?
12
What is the remainder when 78 is divided by 8?
6
What is the remainder when 24 is divided by 6?
0
Calculate the remainder when 629 is divided by 28.
13
What is the remainder when 9912 is divided by 171?
165
What is the remainder when 73 is divided by 3?
1
Calculate the remainder when 1053 is divided by 133.
122
What is the remainder when 183 is divided by 21?
15
Calculate the remainder when 89 is divided by 10.
9
Calculate the remainder when 297 is divided by 15.
12
What is the remainder when 525 is divided by 77?
63
What is the remainder when 269 is divided by 9?
8
Calculate the remainder when 1567 is divided by 131.
126
What is the remainder when 38 is divided by 8?
6
What is the remainder when 53 is divided by 11?
9
What is the remainder when 863 is divided by 108?
107
Calculate the remainder when 811 is divided by 183.
79
Calculate the remainder when 620 is divided by 66.
26
What is the remainder when 60 is divided by 32?
28
Calculate the remainder when 86367 is divided by 10.
7
What is the remainder when 3358 is divided by 1115?
13
Calculate the remainder when 3213 is divided by 24.
21
What is the remainder when 951 is divided by 313?
12
Calculate the remainder when 2056 is divided by 229.
224
What is the remainder when 364 is divided by 46?
42
What is the remainder when 572 is divided by 118?
100
Calculate the remainder when 18 is divided by 18.
0
What is the remainder when 180 is divided by 88?
4
Calculate the remainder when 196 is divided by 172.
24
What is the remainder when 497 is divided by 20?
17
What is the remainder when 1453 is divided by 104?
101
What is the remainder when 1260 is divided by 16?
12
What is the remainder when 295 is divided by 26?
9
Calculate the remainder when 64 is divided by 38.
26
What is the remainder when 220 is divided by 75?
70
What is the remainder when 112 is divided by 32?
16
What is the remainder when 1778 is divided by 570?
68
What is the remainder when 233 is divided by 9?
8
What is the remainder when 229 is divided by 76?
1
What is the remainder when 114 is divided by 7?
2
Calculate the remainder when 3168 is divided by 117.
9
What is the remainder when 29517 is divided by 53?
49
What is the remainder when 148 is divided by 22?
16
Calculate the remainder when 504 is divided by 13.
10
What is the remainder when 210 is divided by 126?
84
Calculate the remainder when 2713 is divided by 304.
281
Calculate the remainder when 53 is divided by 37.
16
What is the remainder when 3163 is divided by 33?
28
What is the remainder when 80 is divided by 46?
34
Calculate the remainder when 2373 is divided by 99.
96
What is the remainder when 267 is divided by 90?
87
What is the remainder when 42 is divided by 15?
12
Calculate the remainder when 393 is divided by 20.
13
Calculate the remainder when 1318 is divided by 27.
22
What is the remainder when 10900 is divided by 3631?
7
What is the remainder when 4595 is divided by 43?
37
Calculate the remainder when 256 is divided by 6.
4
Calculate the remainder when 869 is divided by 67.
65
What is the remainder when 1259 is divided by 21?
20
What is the remainder when 5061 is divided by 8?
5
What is the remainder when 128 is divided by 65?
63
Calculate the remainder when 6857 is divided by 44.
37
Calculate the remainder when 657 is divided by 60.
57
What is the remainder when 2339 is divided by 117?
116
What is the remainder when 502 is divided by 126?
124
What is the remainder when 720 is divided by 38?
36
Calculate the remainder when 5760 is divided by 1438.
8
What is the remainder when 214 is divided by 70?
4
Calculate the remainder when 11505 is divided by 35.
25
Calculate the remainder when 124 is divided by 11.
3
What is the remainder when 3679 is divided by 19?
12
Calculate the remainder when 64 is divided by 23.
18
What is the remainder when 8830 is divided by 121?
118
What is the remainder when 70 is divided by 9?
7
What is the remainder when 1094 is divided by 111?
95
Calculate the remainder when 66 is divided by 34.
32
What is the 